n 10 is divided by h?
2
Let z be (1 - 94)*(16/12 + -1). Let h = -41 - -20. Let u = h - z. Calculate the remainder when 18 is divided by u.
8
What is the remainder when ((-687)/2)/((-63)/42) is divided by 31?
12
Let c(h) = h**3 + 13*h**2 - 14*h. Let x be c(-14). Suppose x*b + 120 = 4*b. Let y = 1 - -7. What is the remainder when b is divided by y?
6
Let b = -1110 - -1140. Calculate the remainder when b is divided by 4.
2
Suppose 5*c - 200 = 4*s - 18, -4*c - s + 154 = 0. Calculate the remainder when 170 is divided by c.
18
Suppose -3*j = -3*i - 300, -5*j + 3*i = -522 + 14. Let m = 105 - 78. What is the remainder when j is divided by m?
23
Suppose 10*w = -98 - 112. Let g = 37 + w. Calculate the remainder when 63 is divided by g.
15
Suppose -t + 4 = 2. Suppose 18 = t*w - w. Calculate the remainder when -1 + 1 + 70*1 is divided by w.
16
Suppose 2*k - 704 + 156 = -4*w, 2*k - 5*w - 575 = 0. Calculate the remainder when k/6 + (-10)/(-30) is divided by 16.
15
Suppose 2*f = -2*f. Suppose f*z - 3*z = -12. Calculate the remainder when z is divided by 10/3 - (-8)/12.
0
Let r = -71 - -100. Suppose 5*a + 46 = 5*f + 16, -5*a = 5*f - 80. What is the remainder when r is divided by f?
7
Suppose 8 = 2*w + 2. Suppose -4*i = -g + 2*g - 22, 3*i - 36 = -4*g. Let t(u) = u - 3. Calculate the remainder when w is divided by t(g).
0
Let q(c) = 6*c - 54. Let n be q(16). Let k = n - -37. Calculate the remainder when k is divided by 40.
39
Let t(m) = 3*m**2 - m. Let f(y) = -12*y - 21. What is the remainder when t(-1) is divided by f(-2)?
1
Suppose m - 9 = 1. Let i = m - -26. Calculate the remainder when i is divided by 19.
17
Let w = -67 + 75. What is the remainder when (-31 + 3 + -2)/(3/(-3)) is divided by w?
6
Suppose -5*d = 4*o - 135 + 26, -4*o = -4*d + 80. What is the remainder when d is divided by 19?
2
Suppose -9*t - 3765 = -24*t. What is the remainder when t is divided by 12?
11
Suppose w = -5*z - 3*w + 87, 3*w - 39 = -2*z. Suppose 0*g = -3*g + h + 35, -5*h + 23 = 3*g. Calculate the remainder when g is divided by -10*(9/z + -1).
3
Let k = 1028 - 1019. Calculate the remainder when 376 is divided by k.
7
Let v(h) = -h**3 - 11*h**2 - 15*h - 28. Calculate the remainder when v(-10) is divided by 5.
2
Let c = -91 - -84. What is the remainder when c/(-2) + -2 - 67/(-2) is divided by 14?
7
Let g(y) = 15*y**2 + 2*y + 1. Let x = 0 + -1. Calculate the remainder when (-1)/((-1)/123*3) is divided by g(x).
13
Suppose 5*x - 58 = 2. Suppose 2*v + 203 = 5*l, -4*l - l + 3*v = -207. What is the remainder when l is divided by x + 2 + 0/2?
11
Let v be -30*2/((0 - 2)/1). What is the remainder when v/(-25)*165/(-2) is divided by 25?
24
Let q = -31 - -35. Suppose -3*w + 21 = 3*j - 0*j, -q*j - 5*w = -27. What is the remainder when 15 is divided by j?
7
Suppose 0 = -8*n + 11*n + 132. Let g = n + 84. Calculate the remainder when g is divided by 21.
19
Let r(d) = d. Let q(b) = 9*b - 4. Let f(l) = q(l) + 4*r(l). Let h be (8/18)/(-1 - (-55)/45). Calculate the remainder when 42 is divided by f(h).
20
Calculate the remainder when (-72)/(-40)*(-230)/(-6) is divided by 24.
21
Let z = -7 - -11. Suppose z*n = n + 24. What is the remainder when ((-76)/(-16) - -1)*4 is divided by n?
7
Let u = -1080 - -2110. Calculate the remainder when u is divided by 15.
10
Let s = -86 + 183. What is the remainder when 192 is divided by s?
95
Let z = 7 + 4. Let g = z - 17. Calculate the remainder when 87 is divided by (-28 + 8)/(4/g).
27
Let j(l) = l**2 - 4*l. Let y be j(4). Suppose -i - 102 = -k - 4*k, -k - 3*i + 14 = y. What is the remainder when k is divided by 11?
9
Let v(i) = 34*i**3 + 2*i**2 + 3*i + 2. Let w be v(-1). Let t = 48 + w. Let u = 18 - 12. Calculate the remainder when t is divided by u.
3
Let c(t) = t**2 + 13*t - 8. What is the remainder when 372 is divided by c(-15)?
20
Let o = -123 - -129. Let w(x) = 29*x**2 + 2*x + 1. What is the remainder when w(-1) is divided by o?
4
Let d be 4/(-8) - (65/(-2) + 1). Suppose -v + 5*r = -d - 3, 0 = 4*v + 4*r - 16. Calculate the remainder when 69 is divided by v.
6
Let o(x) = 62*x + 10. Let c be o(5). Suppose 2*i + c = 4*y, -2*y = -3*y - i + 80. What is the remainder when y is divided by 17?
12
Suppose 27*r - 4*s + 1198 = 30*r, 0 = -r - 5*s + 392. Calculate the remainder when r is divided by 27.
24
Suppose -v = -3 - 2. Let d = v - 1. Suppose -136 = -d*o - 0. What is the remainder when o is divided by 18?
16
Suppose j - 2*x + x = 24, 4*j + 3*x = 82. Let k(c) = 2*c + 1. Let z = 43 + -37. What is the remainder when j is divided by k(z)?
9
Suppose 5*o - 95 = -3*r, 0 = -0*r + 4*r - 2*o - 118. Let z = r + -1. Calculate the remainder when 53 is divided by z.
24
Let g(b) = -b**3 + 29*b**2 - 22*b - 125. Calculate the remainder when 114 is divided by g(28).
28
Suppose 0 = 2*m - 14 - 56. What is the remainder when m is divided by (1 - 5)*12*(-6)/24?
11
Let g = 1 + 73. What is the remainder when g is divided by 42?
32
Calculate the remainder when (-2)/5 + (-15648)/(-120) is divided by 28.
18
What is the remainder when 68 is divided by (-35 - -30)/((-1)/3)?
8
Let y(f) = 19*f + 9*f**3 - 8*f**3 - 17*f**2 - 1 + 0*f**3. What is the remainder when y(16) is divided by 28?
19
Let z = -12 + 20. Suppose 0 = -2*c + 74 - 32. What is the remainder when c is divided by z?
5
Suppose 7*l = 308 + 644. Suppose 3*x - 65 = 40. Calculate the remainder when l is divided by x.
31
Let f(l) = -7*l - 9 - 3*l**2 + 4 + l**3 + 7*l**2. Let d be f(-5). Suppose 125 = 3*b + 4*y, 134 = b + 2*b - d*y. What is the remainder when b is divided by 22?
21
Suppose -3 + 5 = p. Let k = p - -32. Calculate the remainder when 98 is divided by k.
30
Let u(d) = d**2 + 14*d - 102. What is the remainder when 125 is divided by u(6)?
17
Suppose a - 8 = 3*a. Suppose 4*u - 3*i - 33 = 0, -3*u + 2 + 22 = -2*i. What is the remainder when 272/(-24)*6/a is divided by u?
5
Let h = -943 - -963. Calculate the remainder when 2/(-8) + (-3899)/(-28) is divided by h.
19
Suppose -4*w + 3 + 5 = 0, -11 = o - 5*w. Suppose 0 = 6*x - 9*x - c + 14, 2*x - 15 = 5*c. What is the remainder when x is divided by (-1)/o - 1*-1?
1
Let q(z) = -29*z - 8. Let c be q(-10). Suppose 0*y - y = -3*m - 19, -3*y = 3*m - 81. What is the remainder when y is divided by (40/(-22) - -2) + c/22?
12
Suppose -5*w - 2*f = 2*f + 176, w + 2*f = -34. Let b = w + 52. Suppose 0*c - 300 = -5*c. What is the remainder when c is divided by b?
12
Suppose -3*o - 295 = -5*i, 0*o - 31 = -i - 5*o. Calculate the remainder when 163 is divided by i.
51
Suppose -3 = -v + 4*j - j, v + 4*j - 31 = 0. Let s(l) = 9*l + 127. Calculate the remainder when s(-6) is divided by v.
13
Let h be 147/(-14)*(-2)/(-3). Let x(r) = -4*r - 23. Calculate the remainder when x(h) is divided by 2.
1
Let w(q) = -5*q**2 + 25*q - 56. Let x(t) = 4*t**2 - 24*t + 55. Let u(z) = 5*w(z) + 6*x(z). Calculate the remainder when 45 is divided by u(-20).
15
Suppose -2*h = -f + 4*f - 4, -3*f + 4*h + 10 = 0. Suppose f*v - 17 = 13. Calculate the remainder when (-11)/(((-7)/4)/7) is divided by v.
14
Let v = 5 + -2. What is the remainder when (58 - 33)/((-20)/(-8)) is divided by v?
1
Suppose -80 = -3*h - g, -3*h + 2*g + 48 = -35. Calculate the remainder when 65 is divided by h.
11
Suppose -270 = 23*r - 33*r. What is the remainder when 97 is divided by r?
16
Let v be (3/2)/(2/(-4)). Calculate the remainder when -53*(-1 - -2)*v/3 is divided by 9.
8
Calculate the remainder when (-22)/(-33) - (1185/9)/(-5) is divided by 14.
13
Let m(k) = 17*k**3 - 1. Let j be m(1). Suppose 52 = 4*o + z, 0 = 5*o - 3*z - 2*z - 65. Suppose -o = u - j. What is the remainder when u is divided by 2?
1
Let t = -600 + 662. Calculate the remainder when 619 is divided by t.
61
Suppose 0 = 2*q - 4*q + 14. Let c be 0 + 2 + -2 + 0. What is the remainder when q is divided by c/7 - -1*3*1?
1
Let z = 18 - 9. Suppose 4*q - 7 - z = 0. Suppose -2*d = -q*d + 94. What is the remainder when d is divided by 25?
22
Let w = 121 + -58. Suppose 78 = 2*c + 3*s + 40, -c = -5*s - 6. Calculate the remainder when w is divided by c.
15
Let n(v) = -5*v + 46. Calculate the remainder when n(6) is divided by 11.
5
Suppose -4 = -y - 100*p + 99*p, 3*y + 4*p = 8. Suppose -48 = -2*o - 2*o - t, 0 = 5*t - 20. What is the remainder when o is divided by y?
3
Suppose 5*h = -5*s + 63 + 42, s - 5 = 3